-51
Let t(n) = 2018*n**2 + 12223*n + 13. Give t(-6).
-677
Let n(p) = -2*p**3 + 51*p**2 + 3074*p + 209. What is n(54)?
-7
Let m(b) = -309*b + 17243. Determine m(52).
1175
Let m(t) = 19*t**3 - 378*t**2 + 29*t - 1332. What is m(20)?
48
Let d(p) = 2*p**3 + 217*p**2 + 92*p - 1736. Determine d(-108).
-8
Let j(f) = -134005*f - 1072045. Determine j(-8).
-5
Let w(p) = 14*p**3 - 6468*p**2 + 6*p - 2802. What is w(462)?
-30
Let b(h) = -4238*h + 275558. Calculate b(65).
88
Let x(a) = -2*a**3 + 59*a**2 + 1556*a - 45952. Calculate x(29).
13
Let v(w) = -60*w**2 + 513*w - 9. Calculate v(10).
-879
Let x(z) = -z**3 + 14*z**2 - 28*z + 10. Calculate x(6).
130
Let w(q) = -q**3 + 28*q**2 + 5884*q - 288. Give w(-64).
-32
Let n(l) = -l**3 - 19*l**2 - 18*l + 137. Give n(-14).
-591
Let o(u) = -u**3 - 187*u**2 + 1139*u - 2934. What is o(-193)?
733
Let v(m) = -1843991*m + 12907953. Give v(7).
16
Let y(k) = -53*k**2 - 21*k + 33. Give y(5).
-1397
Let k(w) = -w**2 + 3402*w + 404471. Calculate k(-115).
16
Let p(b) = 5*b**2 + 167*b - 114. Calculate p(-36).
354
Let i(a) = -2*a**2 + 3195*a - 22082. What is i(7)?
185
Let l(s) = -25*s**2 - 1055*s + 136. Determine l(-44).
-1844
Let p(o) = 662*o + 9254. Give p(-14).
-14
Let s(j) = -49*j**2 + 4218*j - 8237. Calculate s(2).
3
Let r(m) = 1755*m + 423043. Give r(-241).
88
Let j(y) = 171*y**2 + 183*y - 559. Determine j(3).
1529
Let z(t) = -t**3 + 37*t - 237. Determine z(5).
-177
Let m(k) = -7*k**2 + 973*k - 29152. Give m(95).
108
Let c(q) = -3*q**2 + 1053*q + 10449. Calculate c(-10).
-381
Let f(s) = -s**3 - 158*s**2 - 624*s - 1095. What is f(-154)?
137
Let b(s) = -2*s**3 - 94*s**2 + 629*s - 365. Give b(-53).
6
Let i(g) = 3795*g - 72160. Calculate i(19).
-55
Let x(p) = -75*p - 1589. What is x(-16)?
-389
Let t(h) = -6*h**2 + 263*h + 166. Calculate t(-1).
-103
Let t(q) = -q**3 + 47*q**2 - 511*q - 500. Calculate t(28).
88
Let m(b) = b**2 + 8889*b - 1411018. What is m(156)?
2
Let m(h) = 2293*h - 107688. Calculate m(47).
83
Let j(o) = -379*o - 7803. Determine j(-20).
-223
Let s(a) = 961045*a - 1922089. Give s(2).
1
Let l(b) = -78*b**2 + 1124*b + 6710. Give l(-6).
-2842
Let c(z) = -z**3 + 29*z**2 + 155*z - 587. What is c(33)?
172
Let x(i) = 6*i**3 + 7*i**2 + 23*i - 99. Calculate x(3).
195
Let b(w) = w**3 + 49*w**2 - 441*w - 1504. What is b(10)?
-14
Let c(y) = 1845*y**2 - 55384*y + 1026. Give c(30).
6
Let t(z) = 8*z**2 - 185*z + 1222. What is t(8)?
254
Let n(x) = x**3 - 94*x**2 - 1061*x - 296. What is n(104)?
-2480
Let b(a) = -a**2 - 3601*a - 1123331. Calculate b(-345).
-11
Let l(y) = 3*y**2 - 188*y + 312. Determine l(62).
188
Let f(d) = -36*d**2 + 713*d + 11. Give f(-3).
-2452
Let g(t) = -1526*t - 7418. Determine g(-5).
212
Let i(r) = 431*r**2 + 3626*r + 7249. Give i(-2).
1721
Let c(u) = -u**2 + 341*u - 18032. Determine c(276).
-92
Let y(v) = v**2 - 2255326*v + 6765973. What is y(3)?
4
Let n(q) = -q**2 + 7929*q + 63487. What is n(-8)?
-9
Let f(u) = -8*u**2 - 51*u - 325. Give f(-10).
-615
Let c(x) = x**2 + 14*x - 1873. Give c(-44).
-553
Let d(m) = -2*m**3 + 711*m**2 + 353*m + 1056. Calculate d(356).
-12
Let b(u) = -24*u**3 - 2*u**2 + 342*u - 1035. Determine b(3).
-675
Let m(k) = 2*k**3 - 7*k**2 + 10*k - 57. Calculate m(9).
924
Let m(a) = 5314*a - 1323184. What is m(249)?
2
Let a(h) = -2*h**2 + 8284*h + 41384. Give a(-5).
-86
Let m(d) = d + 1007. What is m(45)?
1052
Let n(d) = 168*d**2 - 2398*d + 2793. What is n(13)?
11
Let m(d) = -d**3 + 6*d**2 + 82*d + 212. Give m(-9).
689
Let r(z) = 84316*z - 1096102. What is r(13)?
6
Let t(z) = -9632*z + 1579641. What is t(164)?
-7
Let g(k) = 2*k**3 - 12*k**2 - 48*k - 125. Calculate g(10).
195
Let n(c) = -11*c**3 - 244*c**2 - 1176*c - 2. Determine n(-7).
47
Let m(u) = -u**3 - 44*u**2 - 61*u - 7852. What is m(-46)?
-814
Let o(m) = 94*m + 670. Give o(-7).
12
Let d(i) = -i**3 - 233*i**2 - 4034*i - 35265. Calculate d(-215).
-5
Let b(x) = -355*x**3 + 332*x**2 + 46*x - 43. What is b(1)?
-20
Let t(x) = -17*x**2 + 399*x - 884. Determine t(25).
-1534
Let b(q) = -3*q**2 - 298*q - 5153. Determine b(-77).
6
Let d(z) = z**2 - 15247*z - 137307. Give d(-9).
-3
Let i(y) = 531*y + 44049. What is i(-80)?
1569
Let i(b) = 2351*b + 74145. Calculate i(-33).
-3438
Let t(l) = 118334*l + 2603348. Give t(-22).
0
Let u(v) = 11*v**3 - v - 60. Calculate u(-3).
-354
Let f(b) = 53*b + 4166. Give f(-105).
-1399
Let r(y) = -19*y**2 + 379*y + 1771. Give r(-5).
-599
Let m(z) = -7*z**3 + 2*z**2 + 281*z + 781. What is m(-3)?
145
Let b(l) = -l**2 - 333*l - 6133. Give b(-21).
419
Let b(x) = -2288*x + 441588. Give b(193).
4
Let o(t) = -3691*t**3 - 29525*t**2 + 30*t + 45. Give o(-8).
-3
Let j(i) = 96*i**2 - 34*i + 16. What is j(2)?
332
Let y(x) = -1596*x + 3753. Give y(3).
-1035
Let m(h) = 993*h + 18003. Calculate m(-18).
129
Let a(f) = -103*f + 9276. Give a(80).
1036
Let i(x) = -3*x**2 + 181*x + 2820. Calculate i(-14).
-302
Let f(i) = -2108*i - 27419. Give f(-13).
-15
Let b(q) = 13*q**2 + 7643*q + 30562. What is b(-4)?
198
Let t(z) = 21*z**2 - 5995*z + 2853. Give t(285).
3
Let u(n) = -3*n**3 + 9*n**2 + 714*n + 26. Give u(-14).
26
Let n(g) = -64*g**2 - 603*g + 63. Calculate n(-10).
-307
Let l(i) = 7*i**3 - 152*i**2 + 74*i + 681. Calculate l(21).
30
Let j(g) = 988*g - 18755. Determine j(19).
17
Let q(o) = o**3 - 25*o**2 + 1875*o + 99785. Give q(-29).
-4
Let n(z) = z**3 - 3*z**2 - 143*z + 615. Give n(5).
-50
Let j(x) = -x**2 + 6410*x - 57597. Give j(9).
12
Let u(w) = 2*w**3 - 74*w**2 - 164*w + 2480. Determine u(38).
-864
Let l(p) = -7*p**3 + 24*p**2 - 20*p + 36. What is l(3)?
3
Let q(c) = 28152*c + 337817. Calculate q(-12).
-7
Let k(r) = 13*r**2 - 1568*r - 10549. Determine k(127).
-8
Let q(v) = -546*v - 33229. Give q(-61).
77
Let f(n) = -131*n**2 - 654*n - 793. Give f(-2).
-9
Let n(b) = -152969*b - 1529629. Calculate n(-10).
61
Let q(k) = -k**3 + 252*k**2 - 348*k - 2567. Give q(4).
9
Let x(g) = -4*g**3 + 72*g**2 - 17*g - 67. Give x(17).
800
Let v(c) = 263*c + 57938. Give v(-220).
78
Let l(m) = -m**2 - 1953*m + 200988. Give l(98).
-10
Let k(b) = -12*b**2 + 199434*b + 398915. What is k(-2)?
-1
Let o(i) = i**3 + 104*i**2 + 278*i + 7456. Determine o(-102).
-92
Let l(t) = 31*t**2 - 456*t + 855. Give l(11).
-410
Let s(q) = q**3 - 338*q**2 + 28364*q + 176. Calculate s(183).
-7
Let j(u) = -2*u**2 + 109*u + 15573. Give j(-65).
38
Let y(f) = -689*f + 5237. Calculate y(7).
414
Let a(t) = -3074*t + 33547. Determine a(11).
-267
Let v(o) = -o**3 - 4*o**2 + 893*o - 91. Give v(-32).
5
Let p(u) = -34048*u - 5890296. Determine p(-173).
8
Let c(f) = 2594*f**2 + 23361*f + 22. Determine c(-9).
-113
Let g(i) = -25*i**2 - 103*i + 67. Calculate g(7).
-1879
Let z(x) = 1526*x - 376925. Determine z(247).
-3
Let u(c) = 4847*c**2 + 19328*c - 261. What is u(-4)?
-21
Let h(o) = 3*o**3 - 42*o**2 + 124*o - 1650. What is h(14)?
86
Let h(a) = -1171*a + 4775. Determine h(4).
91
Let u(j) = -j**3 - 79*j**2 + 1100*j + 707. Determine u(-91).
-21
Let x(t) = -64*t**2 - 52*t - 63. What is x(0)?
-63
Let i(r) = r**3 + 601*r**2 + 465*r - 80958. What is i(-600)?
42
Let i(s) = -s**2 + 37126*s + 371401. What is i(-10)?
41
Let m(x) = x**2 - 774*x - 26194. Calculate m(-32).
-402
Let a(o) = 61*o**3 - 547*o**2 + 29*o - 343. Give a(9).
80
Let o(z) = 3*z**2 + 297*z - 3652. What is o(-111)?
344
Let u(x) = 20788*x - 956162. Give u(46).
86
Let f(w) = 1841*w**2 + 34973*w - 113. What is f(-19)?
1
Let z(c) = -52*c + 211. Determine z(4).
3
Let x(m) = 2297*m - 31902. What is x(14)?
256
Let a(u) = 358091*u + 1790442. What is a(-5)?
-13
Let u(c) = 154*c - 1274. Determine u(0).
-1274
Let h(b) = 1477*b - 104885. Determine h(71).
-18
Let y(g) = g**2 + 29104*g - 2159174. Determine y(74).
-2
Let x(q) = -14*q**3 - 32*q**2 - 480*q - 961. Give x(-2).
-17
Let t(q) = -63*q + 1264. Give t(13).
445
Let p(u) = 10625*u + 446262. Determine p(-42).
12
Let h(k) = -522*k + 33270. Calculate h(65).
-660
Let v(l) = 264*l**2 + 5792*l - 112. Determine v(-22).
240
Let g(p) = 2*p**3 + 56*p**2 - 183*p - 628. What is g(-31)?
-721
Let r(y) = -y**2 - 3929*y - 66504. Give r(-17).
0
Let p(b) = b**2 + 743*b - 70689. What is p(87)?
1521
Let j(f) = -24*f**2 - 44*f - 116. Give j(-6).
-716
Let o(j) = j**3 - 70*j**2 - 7240*j + 116. Calculate o(127).
-11
Let d(z) = z**3 + 448*z**2 + 8556*z - 1635. Calculate d(-428).
77
Let t(a) = 16*a**3 - 26*a**2